27 divide ((-27)/d)/((-3)/u)?
True
Let u = 20 + -10. Does 2 divide u?
True
Suppose -4*r - 3*i = -780, 123 = 4*r - i - 673. Is 11 a factor of r?
True
Let i = 43 + 16. Suppose -5*d + 61 = -0*d - 3*w, -5*d + 2*w = -i. Is d a multiple of 11?
True
Let a(x) = -9*x**3 - x**2. Let k be a(-1). Let p be 2/(-8) + 314/k. Suppose p = c + 3. Is 18 a factor of c?
True
Let x(b) = -7*b - 3*b + 9*b + 0*b + 8. Suppose 2 = 2*g + g - 4*u, 4*g - 8 = 4*u. Is x(g) a multiple of 2?
True
Suppose 5*s - 476 = 4*g - 157, -5*g - 114 = -2*s. Is s a multiple of 21?
False
Let i = 1 + 2. Suppose 24 = i*f - 12. Is 10 a factor of f?
False
Suppose 3*f + 2*g = 498, -2*f - g + 43 = -290. Does 12 divide f?
True
Suppose 0 = 3*g - 112 - 2. Does 7 divide g?
False
Suppose 3*z = -0*z - 5*k + 47, -3*z - 3*k + 45 = 0. Is z a multiple of 14?
True
Suppose 2*q + 2 = t, -26 = -3*t - 2*q - 2*q. Let w = 14 - t. Is w a multiple of 4?
True
Let j = 22 - 11. Is ((-22)/j)/(1/(-22)) a multiple of 14?
False
Let h(a) = 9*a - 52. Is 11 a factor of h(18)?
True
Suppose 11*x = -3*x + 364. Is 8 a factor of x?
False
Does 5 divide (-23)/2*1*(-15 + 5)?
True
Suppose -3*x = -2*x - 2. Let f be x/(-8) - 356/(-16). Suppose v - f = -v. Does 11 divide v?
True
Suppose -5*o - 170 = -5*s, 2*s + 0*o = -2*o + 84. Is 19 a factor of s?
True
Let r = 125 - 87. Is 18 a factor of r?
False
Is 8 a factor of (-3)/(6/(-52)) - (0 + 0)?
False
Let z = 4 - 7. Is 18 a factor of z*3/(-9) + 17?
True
Let u = 9 + -11. Is 1/u - 108/(-8) a multiple of 7?
False
Does 34 divide 9*908/48 + 2/(-8)?
True
Let f be -1 + (2 - 3)*-6. Suppose -11 = 2*y + f*w, 2*w = y + y + 4. Does 15 divide (-6)/9 - 47/y?
True
Let j = -3 + 2. Let r(z) = -8*z - 5. Let w(p) = p. Let g(s) = j*r(s) - 2*w(s). Is 14 a factor of g(4)?
False
Suppose 5*a + 11*f = 6*f - 5, 3*a = 4*f - 24. Let s = -2 - a. Let k(n) = 6*n**2 - 3*n. Is k(s) a multiple of 18?
True
Suppose 2*y + y + 82 = l, -4 = -4*l. Suppose -2*d = 3*r + d - 129, 4*r = 2*d + 160. Let a = y + r. Is a a multiple of 12?
False
Suppose 0 = -3*k - 6*v + 8*v + 761, 1269 = 5*k - 3*v. Is 16 a factor of k?
False
Suppose 3*a = -2*z + 780, 4*a - 89 = -2*z + 951. Is a a multiple of 26?
True
Let n = 5 - -37. Is 20 a factor of (-778)/(-12) - (-7)/n?
False
Let s(b) = b**2 + 2*b - 3. Let u be s(2). Let d be (-1 - -1)*(-1)/4. Suppose d = 5*h + 25, 4*w - 60 = h - u*h. Is w a multiple of 10?
True
Let p(z) = 3*z**2 + z + 2. Let h(l) = l**2 - 6*l + 6. Let x(b) = b**2 + 2*b + 1. Let s be x(-3). Let t be h(s). Is 6 a factor of p(t)?
True
Suppose 0 = -2*j - c + 210, -4*c = 5*j - 0*c - 522. Let h = -52 + j. Is h a multiple of 29?
False
Suppose -4*x = -3*k + 50 + 98, k + 4*x - 60 = 0. Is 26 a factor of k?
True
Let o(j) = -6*j**2 + 1. Let k be o(-1). Let v(w) = w**2 + 4*w - 5. Let i be v(k). Is 15 a factor of 2*(17 - (i - -2))?
True
Let m = -5 + 16. Suppose -3*w - 3*p + 45 = 0, w - 3*p = -8*p + m. Is 13 a factor of w?
False
Suppose -2*n = -n. Suppose u - 15 = -n*u. Suppose u = x + 2*x. Is x a multiple of 4?
False
Let r be 3/4*(10 + -2). Let p(v) = v**2 + 6. Does 15 divide p(r)?
False
Let x = 16 + -9. Suppose 0 = 3*d - x*d + 8. Suppose -6*o = -d*o - 184. Is o a multiple of 20?
False
Suppose 2*d + 2*d + 5*m - 188 = 0, m = -4*d + 204. Is 26 a factor of d?
True
Suppose 11 + 3 = 2*q. Does 7 divide q?
True
Suppose 21 = -5*r + 171. Does 5 divide r?
True
Let b be 5/(-2)*6/5. Is 17 a factor of 1/(0 + b/(-186))?
False
Let x(t) = t. Let q be x(-3). Let i = 3 + q. Suppose -4*g - 4*f + 72 = 0, 0 = -i*f - 4*f - 4. Is 19 a factor of g?
True
Suppose 2*c - 30 = 5*c. Suppose -68 = -22*o + 18*o. Let j = o + c. Does 4 divide j?
False
Let s be (3 - 0)/(-3) + 14. Let i = s - 8. Is i a multiple of 2?
False
Let z(w) = 3*w**2 + 18*w + 24. Is 12 a factor of z(-8)?
True
Suppose -5*q + 5 = 5*n, 3*n = -4*q - 0 + 3. Suppose -2*g - t = -4, -t = -3*t + 8. Is 36 - (g + n + 1) a multiple of 17?
True
Suppose 0 = -2*a + 3*a. Suppose -x + 3 + 2 = a. Suppose -5*j - 15 = 0, 2*b + 2*b - x*j = 127. Is 14 a factor of b?
True
Let p be (3/(-6))/((-2)/20). Suppose p*m = 5*h + m - 17, 2*m = 2*h - 6. Is h even?
False
Suppose j - 2 = 3*j. Is 19 a factor of 3 + j + 37 + 0?
False
Let j(q) = -1 - q + 3 + 2 - 3. Does 3 divide j(-5)?
True
Let c(r) = 24*r + 15. Is c(6) a multiple of 26?
False
Let h be (-2 - 15/(-9))*-6. Suppose -5*s - y = h*y + 3, 26 = -2*s + 5*y. Is 13 a factor of 0*(-1)/s + 36?
False
Suppose 4*j - 160 = -4*x, 4*j + 11 - 216 = 5*x. Suppose 0 = d - 2*d - 2*b - j, 0 = 5*d + b + 225. Let n = d + 87. Does 14 divide n?
True
Does 22 divide 2 - (0 + -3 + (-2 - 86))?
False
Suppose -218 - 237 = -5*f. Is f a multiple of 13?
True
Suppose 3*u = 33 + 156. Is u a multiple of 9?
True
Let l be 8/6*9/(-6). Let y be (38/(-4) - l)*-2. Let u = 41 - y. Is u a multiple of 9?
False
Let s(o) = 28*o - 4*o - 15*o. Is 7 a factor of s(1)?
False
Let b be (-1)/(18/3)*-6. Let m(f) = 38*f + 1. Is 13 a factor of m(b)?
True
Suppose 111 = 2*j - 5*y, -224 = -3*j - 7*y + 3*y. Is j a multiple of 29?
False
Let j be 2 - -34*(2 - 1). Suppose j = 5*d - 4. Does 8 divide d?
True
Let p = 49 + -22. Does 6 divide p?
False
Suppose 0 = 5*x + 3 - 18. Let w(g) = 11*g + 0 - x + 5. Does 11 divide w(2)?
False
Let o(t) = -t**3 + 3*t**2 + t - 1. Let s be o(3). Does 9 divide s/7 - (-748)/28?
True
Let v(x) = 3*x**2 + x. Is 6 a factor of v(3)?
True
Suppose -o - 5*r = -5*o + 288, -4*r - 288 = -4*o. Is o a multiple of 9?
True
Let b(c) = -7*c - 1. Let j = -3 - -2. Let l be b(j). Let p = l + -1. Is p even?
False
Let c(j) = 22*j + 1. Let w(h) = -h - 2. Let p be w(-3). Is c(p) a multiple of 14?
False
Let t = 18 - -7. Is 5 a factor of t?
True
Let f(r) = 3*r**2 + 2*r. Let m be f(-2). Suppose q = -q + m. Is 15 a factor of q/(16/(-86))*-2?
False
Let b(x) = 21*x - 1. Is 17 a factor of b(3)?
False
Let q = 4 + 0. Suppose 6 = 2*z + q. Does 9 divide (-9 - 0)/(-2 + z)?
True
Let k = -4 + 3. Suppose -3*w - w + 76 = 0. Let d = k + w. Does 18 divide d?
True
Let w(m) = -2*m + 0*m**3 + 2 - m**3 + 0*m - m**2 + 4*m**2. Let u be w(3). Does 10 divide (-5)/(-1)*(1 - u)?
False
Let z be (6 - (4 - 3))*1. Let h(p) = p**3 - 2*p**2 + 2*p - 2. Let g be h(2). Suppose 0 = z*q - g*d - 180, -2*q + 82 = d + 19. Is 12 a factor of q?
False
Suppose 0*y - 1 = y, 4*r + 2*y + 22 = 0. Let x = r - -9. Suppose x*f - 18 = -k, -f = f - 4. Is k a multiple of 10?
True
Let i = 9 + -4. Suppose -c + 3 = d - 0, 2*d + i*c = 18. Is (d/(-2))/(3/180) a multiple of 13?
False
Let p = 20 - 33. Is (-1)/(-2) + p/(-2) a multiple of 5?
False
Suppose -3*l = 8 + 4. Does 10 divide l*7/(21/(-12))?
False
Let t(i) = -i**2 - 3*i - 10. Let p be t(-7). Does 22 divide -88*(4 - p/(-8))?
True
Let u(r) = -3*r**3 - 3*r**2 - 2*r + 2. Does 9 divide u(-2)?
True
Suppose -10 = 2*x, h + x = -5 + 16. Is h a multiple of 16?
True
Suppose 0*r - 3*r = 0. Suppose r*x - 14 = x + 3*g, 3*g + 6 = 3*x. Is 7 a factor of 3*x/3*-5?
False
Let x be -3 + 1 - (-1 - 17). Suppose -2*j = -3*j + x. Is j a multiple of 12?
False
Let y(g) be the second derivative of g**3/3 + 5*g**2/2 - 5*g. Does 17 divide y(6)?
True
Suppose 17 = 3*r - 1. Let u be 12/(-10)*10/(-3). Is u/6 - (-80)/r a multiple of 14?
True
Suppose t - 376 = -3*t. Is t a multiple of 12?
False
Suppose -5*o - 6*i + 3*i = 3, 5*i = -5. Suppose 5*c + 4*y - 286 = 0, 5*c + o*y - 278 = -2*y. Suppose 3 = 5*l + j - c, 4*j = -2*l + 12. Is 4 a factor of l?
True
Let n = 48 + -28. Is 10 a factor of n?
True
Let v = 0 + 0. Suppose v = -c - 1 - 1. Does 13 divide ((-2)/5)/(c/80)?
False
Let v = -6 + 11. Suppose -v*w = -s - 0*s + 22, 15 = -3*w. Does 11 divide -1*1/(s/51)?
False
Suppose s + 4*s + 36 = 4*o, 24 = 5*o - s. Let b = o + 1. Suppose b*f - 124 = -4*x, -f - x + 16 = 2*x. Is 14 a factor of f?
True
Let y(a) = 18*a - 24. Does 17 divide y(7)?
True
Let n = 5 - -1. Let z(h) = -6*h - 15. Let q be z(-3). Does 3 divide n + (-3 - (-3 - q))?
True
Let v be (3 + -4)/((-2)/118). Suppose -2*g + 3*a = -v, 0 = g + 2*g - 5*a - 90. Does 7 divide g?
False
Does 11 divide 2/(-12) + 995/30?
True
Suppose -l + 2 = -2. Does 11 divide 136/10 - l/(-10)?
False
Let q = 0 + 2. Suppose -r - 18 + 8 = -q*m, m = -3*r + 19. Let x = m + -5. Does 2 divide x?
True
Let n(i) = -i**3 - i**2 - 2. Let q(h) = -h - 13. Let f be q(-11). Let p be n(f). Does 2 divide p*4 + (-4 - -3)?
False
Let t(j) = -j**2 - 2*j + 5. Let k be t(-4). Does 14 d